hen (130/195)/((-2)/(-138)) is divided by u.
14
Let o = 5022 + -4706. Calculate the remainder when o is divided by 9.
1
Let d(c) = 21*c**3 + 3*c**2 + 3*c - 15. Let g(j) = j**3 - j**2 - j - 1. Let f(b) = d(b) - g(b). What is the remainder when f(3) is divided by 64?
62
Suppose g - 2*g = 5*t - 83, t = 3*g + 7. What is the remainder when (-234)/(-3) + -4 + 2 is divided by t?
12
Let c = -6613 - -7744. What is the remainder when c is divided by 189?
186
Suppose -3*p - 747 = -5*u, 0 = -u + 61*p - 56*p + 123. Calculate the remainder when u is divided by 46.
15
Let j = 2931 + -2888. Calculate the remainder when 329 is divided by j.
28
Suppose -5*q + 929 = -96. Suppose 24 = s - 17*p + 13*p, -5*s = -3*p - q. Suppose 0*z = -5*z + 115. Calculate the remainder when s is divided by z.
21
Let j be -1*(-8)/(-6)*18. What is the remainder when 556 is divided by 1/(-2)*992/j*3?
60
Suppose -7*t = -6*t + 2*y - 59, -2*y = -4*t + 196. Suppose -67*g + 71*g = 604. Calculate the remainder when g is divided by t.
49
Let t = -32 + 53. Let o = 99 + -95. What is the remainder when t is divided by (-30)/16*o*(-2)/3?
1
Let p(o) = 9*o**3 - 9*o**2 + 26*o + 96. Calculate the remainder when p(6) is divided by 125.
122
Let p = -1 - -20. Let a be (-8)/28 + (-18)/(-14). Calculate the remainder when a/((-2)/62*1/(-3)) is divided by p.
17
Suppose -3*y - y + 32 = -3*b, 0 = b + 4. Let s = 349 + -155. Suppose y*t - 5*g = 390, t - s = -2*t - 5*g. What is the remainder when t is divided by 37?
36
Suppose j + 27 = 142. Suppose 3*t - 52 = -3*u - t, -t = 5*u - j. Calculate the remainder when 68 + (5 + -1)/4 is divided by u.
21
Let r(w) = -121*w - 1360. Calculate the remainder when r(-13) is divided by 84.
45
Let t be (0 + 0)*2/4. Let l(g) = 11*g + t*g + 9 - 8*g + g**2 + 9. Calculate the remainder when l(0) is divided by 10.
8
Suppose -6*b = -2*n - 26, -n = -4*n + 15. Calculate the remainder when 146 is divided by 43 + 0 + 2*(-9)/b.
26
Let i(c) = 2*c**2 - 215*c - 1075. Calculate the remainder when 1739 is divided by i(-5).
39
Suppose -2*a = 2*u - u - 6, u = 3*a + 1. Suppose u*c + 193 + 40 = 5*p, -2 = c. What is the remainder when p is divided by 24?
21
Let s = 523 - 97. Calculate the remainder when 1279 is divided by s.
1
What is the remainder when 13930 is divided by (-15534)/(-90) + 15/(-25)?
170
Let k = 171 + -95. Let r = 117 + -212. Let y = 111 + r. Calculate the remainder when k is divided by y.
12
Calculate the remainder when (1410/47)/((-3)/(-50)) is divided by 85.
75
What is the remainder when (-70)/8 - 9/(-1) - 611/(-4) is divided by 72?
9
Let r(j) = -16*j + 73. Let t be r(4). Calculate the remainder when 626 is divided by (-114)/t*(-36)/24.
18
Suppose 29*t = 707 + 540. What is the remainder when 1072 is divided by t?
40
Suppose -287*u - 9 = -284*u, -4*t + 3*u + 4077 = 0. Calculate the remainder when t is divided by 10.
7
Let j = 6601 + -6593. What is the remainder when 966 is divided by j?
6
Calculate the remainder when 369 is divided by (-1)/4 - (23966/(-230))/(4/5).
109
Let c(s) = -s**2 + 67*s + 2044. Calculate the remainder when 1507 is divided by c(-19).
277
Let p = 710 + -710. Let q be ((-6)/18)/(2/(-6)). Calculate the remainder when 64 is divided by (p + q)/((-5)/(-85)).
13
Let r = -166 - -172. Suppose 0 = -23*b + r*b + 221. What is the remainder when b is divided by 12?
1
Suppose -16 = -3*q - 1. Suppose 4*b + 40 = 3*y - 0*b, -q*y = 5*b - 20. What is the remainder when y is divided by 6?
2
Suppose 184*l - 12024 - 14801 = 23039. Let u = -23 + 40. Calculate the remainder when l is divided by u.
16
Suppose 0 = p + p + 4. Let m be p/((-10)/25)*2/2. Suppose -53 = -m*j + 17. Calculate the remainder when j is divided by 6.
2
Suppose -1421 = -258*y + 44*y + 4571. What is the remainder when 554 is divided by y?
22
Let g(a) = 110*a**3 - 6*a**2 + 6*a. Calculate the remainder when 1857 is divided by g(1).
97
Let t(x) = 4*x**3 + 20*x**2 - 23*x - 6. What is the remainder when 427 is divided by t(3)?
1
Suppose 0 = j + 2*j - 39. Let p(x) = x**3 - 14*x**2 + 16*x - 27. Calculate the remainder when 58 is divided by p(j).
10
What is the remainder when 14*(-6747)/(-18) + 701/2103 is divided by 25?
23
Let r(s) = 7*s**2 - 3 - s**2 + 10*s + 4*s**2 - s**3 - 7*s**2. Let b(m) = 4*m**3 - 3*m**2 + m - 2. Calculate the remainder when b(3) is divided by r(-3).
19
Let t(i) = 189*i + 3465. Calculate the remainder when t(-16) is divided by 27.
9
Let k(w) = w**2 + 4*w + 5. Let x = -58 + 55. Let s be k(x). Suppose g - 7 = -5*z - s, 3*g = 2*z + 32. Calculate the remainder when 67 is divided by g.
7
Suppose 6*y + 87 = 237. Suppose 0 = 5*a - y, 2*a + 81 = o + 18. Suppose 5*v - 36 = 4*v - q, 0 = -5*q - 15. Calculate the remainder when o is divided by v.
34
Let w(f) = -14*f + 6. Let u be (-8)/(-14)*(-63)/18. Calculate the remainder when w(-6) is divided by 18 - u/(8/(-20)).
12
Suppose -20984 = -4*z + 4*b, -2*z + 0*b + b = -10496. Suppose -9*y + 34*y = z. Calculate the remainder when y is divided by 53.
51
Let d be (3 - (-5 + -2))*(-35 + 5). Let q = d + 369. Calculate the remainder when q is divided by 13.
4
Suppose -5*l - 5*v = -80, 4*v - 79 - 5 = -5*l. Suppose 0 = 22*w - l*w - 34. What is the remainder when 50 is divided by w?
16
Let p = -6 + 8. What is the remainder when (-7)/2*12*35/(-98) is divided by p?
1
Suppose 0 = -13*b + 17*b + 348. Let r(y) = -37*y**2 - 22*y - 1. Let d be r(1). Let l = d - b. Calculate the remainder when 106 is divided by l.
25
What is the remainder when (7 - -2) + -9 + 83 + -2 is divided by 17?
13
Let f = -846 + 853. Suppose -f*v + 354 = -304. What is the remainder when v is divided by 55?
39
Let k(x) = x**2 + 15*x + 435. Let s be k(-35). Suppose s = 653*j - 648*j. Calculate the remainder when j is divided by 12 - -1 - (-1 - -2).
11
Let c(w) = -3*w. Let n be c(5). Let m be 1/(-1) + -2 - n. Calculate the remainder when 46 is divided by m/54 + 214/9.
22
Suppose -1040 = 6*h - 308. Let n = 136 + h. What is the remainder when 90 is divided by n?
6
Let a(w) = -6*w**2 + 50*w - 23. Let c be a(8). Calculate the remainder when (c/(-4))/((-64)/(-6400)) is divided by 22.
21
Let n(x) = -53*x**2 + 2048*x - 35. Calculate the remainder when n(38) is divided by 335.
252
Suppose 3*u - 3952 = 4*h, -3*u - 3*h - 1901 + 5825 = 0. What is the remainder when u is divided by 177?
73
Suppose -16 = -2*h - 8, -252 = 2*u + 4*h. Let a = u + 142. Calculate the remainder when 61 is divided by a.
5
Suppose 0 = -s + 29 - 31. Let k(h) = -h**3 + 6*h**2 + 7*h + 7. What is the remainder when 71 is divided by k(s)?
21
Let p = 3531 - 2675. What is the remainder when p is divided by 95?
1
Let y = -6445 - -6457. What is the remainder when 1095 is divided by y?
3
Let i(t) = t**3 - 3*t**2 - 27*t - 14. What is the remainder when i(10) is divided by 6?
2
Let t = -460 + 467. Let a = -95 + 105. What is the remainder when a is divided by t?
3
Suppose -3*h + 111 = r + 7, -5*r = 4*h - 520. Suppose f = -v + 3*f + 13, -5*v + r = 3*f. What is the remainder when v is divided by (-18)/(14/(-4) - 6/(-3))?
7
Let j(y) = -3*y**3 + y**2 + 3*y + 259. Calculate the remainder when j(0) is divided by 150.
109
Suppose 13*p = 5*s + 259, -p + 42*s + 13 = 43*s. Calculate the remainder when 2030 is divided by p.
14
Suppose -33 + 41 = 4*i. What is the remainder when 161/i - (-12)/(-8)*1 is divided by 9?
7
Suppose -3*a - 3*g + 9 = -6, -2*a + 16 = -4*g. Suppose -649 - 353 = -a*h. What is the remainder when h is divided by 42?
41
Suppose 0 = 21*b + 27*b - 23328. What is the remainder when b is divided by 61?
59
Suppose -5*a = -3*r - 19, 2*a - 3*r - 1 - 12 = 0. Suppose 0 = 15*v + 90 - 240. Let w(p) = 2*p**2 - 18*p - 11. What is the remainder when w(v) is divided by a?
1
Suppose 1760*t - 284 = 1758*t. Calculate the remainder when t is divided by 94.
48
Suppose 4*t - 2975 = -4*x - 1163, 2*x - 2*t - 926 = 0. Calculate the remainder when x is divided by 9.
8
Suppose 0 = -5*k + 2*o + 1030, 3*o + 541 + 489 = 5*k. Calculate the remainder when k is divided by 25.
6
Let d(k) = k - 2. Let r(y) = 5*y + 60. Let l(u) = 2*d(u) - r(u). What is the remainder when 19 is divided by l(-25)?
8
Let z = 121 + -95. Suppose 0 = -27*g + 3035 + 3256. What is the remainder when g is divided by z?
25
Let i be -10 - (-60)/4 - 1*3. What is the remainder when 7 is divided by 48/28 + i/7?
